e a(-2).
49
Let z(d) = 2*d. Give z(-4).
-8
Let t(h) = h - 3. What is t(7)?
4
Let g(c) = -c**3 - 11*c**2 - 22*c - 27. Calculate g(-9).
9
Let v(p) = 7*p - 9. What is v(-7)?
-58
Let r(f) = 4*f - 6. What is r(4)?
10
Let j(n) = -2*n**3 + 12*n**2 - n + 3. Give j(6).
-3
Let s(l) = -l**3 + 9*l**2 - 17*l - 8. Determine s(5).
7
Let f(c) = c**2 - c - 21. Calculate f(-4).
-1
Let o(b) = 10*b - 154. Calculate o(17).
16
Let g(m) = -m**3 + 7*m**2 + 31*m - 3. Determine g(10).
7
Let d(p) = -3*p - 15. What is d(-6)?
3
Let d(n) = n**3 + 10*n**2 - 13*n - 8. Determine d(-11).
14
Let v(n) = -50*n - 139. Determine v(-3).
11
Let g(p) = -16*p + 25. What is g(3)?
-23
Let s(u) = 2*u + 13. Calculate s(-8).
-3
Let z(x) = -12*x + 4. Give z(1).
-8
Let f(p) = 3*p + 8. What is f(-4)?
-4
Let h(j) = j**3 - 5*j**2 + 6*j - 4. Calculate h(4).
4
Let g(z) = z**3 - 6*z**2 + 8*z + 6. Give g(4).
6
Let i(y) = 16*y + 273. Determine i(-18).
-15
Let c(p) = -3*p + 2. Calculate c(9).
-25
Let t(j) = -16*j + 25. What is t(2)?
-7
Let k(f) = -f**3 - 31*f**2 - 86*f - 50. Determine k(-28).
6
Let f(z) = z**3 - 9*z**2 + 15*z - 9. What is f(7)?
-2
Let r(b) = -14*b**2 - 6*b + 5. Give r(3).
-139
Let b(u) = u**3 + 9*u**2 - 2*u + 13. Calculate b(-10).
-67
Let l(h) = -2*h**2 + 14*h - 7. Calculate l(10).
-67
Let f(v) = v**3 - 22*v**2 + 39*v + 22. Give f(20).
2
Let r(o) = 36*o**3 - o**2 - 7*o + 8. What is r(1)?
36
Let u(q) = 2*q**3 + 5*q**2 + 3*q - 6. Give u(-3).
-24
Let v(n) = -n**2 + 8*n + 38. Calculate v(11).
5
Let v(f) = f + 12. What is v(-11)?
1
Let x(j) = 13*j - 276. Determine x(20).
-16
Let i(o) = -2*o**2 + 4. Calculate i(-3).
-14
Let u(t) = -2*t**2 + 6*t - 8. Calculate u(5).
-28
Let w(i) = -i**2 + 16*i - 64. Calculate w(12).
-16
Let n(f) = -6*f + 6. Determine n(-4).
30
Let m(u) = u**3 - u**2 + 2*u - 15. What is m(0)?
-15
Let a(c) = c**3 - 4*c**2 + 3*c - 5. Determine a(5).
35
Let l(m) = m**3 - 6*m**2 + m + 8. Calculate l(5).
-12
Let v(i) = i**2 - 2*i - 8. Determine v(3).
-5
Let t(m) = 12*m + 253. Determine t(-21).
1
Let r(x) = 2*x**2 - 37*x + 144. Determine r(6).
-6
Let w(z) = 4*z**2 + 3*z + 1. Give w(-2).
11
Let k(m) = 4*m**2 - 23*m + 19. What is k(6)?
25
Let z(p) = 3*p - 7. Calculate z(2).
-1
Let r(p) = -p**2 - 2*p - 4. Calculate r(0).
-4
Let z(w) = -w**2 + 10*w - 9. Determine z(7).
12
Let r(v) = -v**2 - 26*v - 193. What is r(-8)?
-49
Let z(t) = -2*t + 7. Determine z(8).
-9
Let a(t) = -2*t**2 + 12*t - 3. Calculate a(8).
-35
Let y(g) = 34*g**3 - g**2 + 2*g - 1. Give y(1).
34
Let k(a) = -9*a - 9. What is k(5)?
-54
Let l(k) = k - 23. Calculate l(14).
-9
Let s(f) = f**2 + 2*f + 3. Determine s(-6).
27
Let p(q) = 4*q**2 - 10*q - 34. Determine p(-4).
70
Let t(q) = 3*q**2 - 5*q - 6. Calculate t(-1).
2
Let w(p) = 2*p - 5. What is w(5)?
5
Let w(j) = 13*j**2 - j + 1. What is w(1)?
13
Let h(a) = -a + 60. What is h(18)?
42
Let l(p) = -9*p**2 - 3*p + 3. What is l(1)?
-9
Let c(x) = 4*x + 2. Give c(-2).
-6
Let o(y) = -y**3 - 13*y**2 - 2*y. What is o(-13)?
26
Let i(k) = k**3 + 13*k**2 - 2*k - 21. Calculate i(-13).
5
Let h(z) = 4*z + 27. Determine h(-10).
-13
Let z(a) = a**2 - 8*a - 1. Determine z(-4).
47
Let q(g) = -2*g**2 - 8*g + 13. What is q(-6)?
-11
Let l(m) = 8*m**2 - 90*m + 26. Give l(11).
4
Let h(k) = 41*k**2 - 1. Give h(1).
40
Let b(g) = g**3 + 9*g**2 + 22*g + 104. Determine b(-8).
-8
Let a(d) = 13*d - 8. What is a(-3)?
-47
Let z(b) = b**2 - 114*b - 586. Give z(-5).
9
Let q(a) = a**2 + 6*a + 2. What is q(-9)?
29
Let x(n) = 2*n**2 + 9*n + 9. Determine x(-8).
65
Let l(q) = -q**2 - 17*q - 62. What is l(-10)?
8
Let c(o) = -6*o + 124. Calculate c(22).
-8
Let w(n) = n**3 + 8*n**2 - 13*n - 9. What is w(-9)?
27
Let q(x) = -2*x - 6. Give q(-2).
-2
Let s(i) = i**3 - 9*i**2 + 11*i - 12. What is s(7)?
-33
Let v(m) = -2*m**3 - 8*m**2 + m - 2. What is v(-4)?
-6
Let j(l) = -21*l - 142. Give j(-6).
-16
Let p(r) = r**2 + 9*r + 53. Give p(-9).
53
Let s(f) = f + 53. What is s(-21)?
32
Let g(a) = -a**2 - a + 2. Determine g(8).
-70
Let z(j) = -54*j - 271. Calculate z(-5).
-1
Let o(p) = p**2 + 6*p - 88. Determine o(-13).
3
Let f(j) = -j + 3. Calculate f(6).
-3
Let r(p) = -3*p**2 + 4*p - 23. What is r(7)?
-142
Let w(s) = -24*s - 79. Determine w(-7).
89
Let c(o) = -o - 48. Calculate c(-42).
-6
Let z(f) = f**2 - 10*f + 12. Determine z(12).
36
Let i(p) = 7*p + 12. Determine i(-3).
-9
Let a(b) = 46*b - 1. What is a(3)?
137
Let q(f) = -2*f**2 + 10*f + 5. What is q(9)?
-67
Let s(c) = -c**2 + 4*c - 3. What is s(6)?
-15
Let w(u) = -u - 16. Calculate w(-4).
-12
Let u(l) = -4*l - 51. Determine u(-10).
-11
Let t(x) = x**2 - 9*x - 32. What is t(10)?
-22
Let a(y) = -3*y**3 + 5*y**2 - 3*y - 2. Calculate a(2).
-12
Let z(w) = 2*w**2 - 26*w - 5. Give z(14).
23
Let a(n) = -n**2 + n + 3. What is a(5)?
-17
Let c(d) = d**3 + 16*d**2 - 37*d - 22. Give c(-18).
-4
Let o(h) = -2*h**2 - 36*h - 149. Calculate o(-10).
11
Let q(c) = 2*c**3 - 15*c**2 - 10*c + 20. What is q(8)?
4
Let s(u) = u**3 - 8*u**2 - 12*u + 1. Give s(9).
-26
Let d(x) = -x**2 - 3*x + 9. What is d(-7)?
-19
Let g(a) = 7*a - 8. What is g(2)?
6
Let o(j) = j**3 + 7*j**2 - 9*j - 10. Calculate o(-8).
-2
Let f(o) = 2*o**2 + 2*o - 4. What is f(6)?
80
Let h(b) = -2*b**2 - 31*b - 24. What is h(-15)?
-9
Let p(j) = 6*j**2 + 2*j + 1. Calculate p(2).
29
Let c(u) = u**3 + u**2 + 5*u + 9. Calculate c(-2).
-5
Let b(s) = 4*s**2 - 34*s - 10. Give b(9).
8
Let t(d) = -2*d**2 - 5*d + 11. Determine t(5).
-64
Let h(z) = z**3 + 6*z**2 - 9*z + 5. What is h(-7)?
19
Let b(t) = t**2 + 14*t + 46. Give b(-11).
13
Let l(a) = -a**2 + 6*a - 9. Give l(0).
-9
Let x(a) = 7*a - 144. What is x(19)?
-11
Let a(s) = -s**3 + 5*s**2 + 10*s - 3. Calculate a(7).
-31
Let p(t) = 2*t - 128. Determine p(0).
-128
Let m(o) = -25*o + 2. Calculate m(-1).
27
Let i(a) = a**3 - 9*a**2 + 8*a + 6. Calculate i(8).
6
Let g(i) = -i + 1. Determine g(-5).
6
Let s(i) = 4*i**3 + 7*i**2 + 6*i + 5. Determine s(-2).
-11
Let f(c) = -c**2 - 8*c + 10. Determine f(-9).
1
Let s(c) = -c**3 + 18*c**2 - 3*c + 50. Give s(18).
-4
Let i(m) = 31*m + 9. Determine i(-2).
-53
Let f(o) = -o**3 + 7*o**2 - 2*o + 9. What is f(7)?
-5
Let m(d) = 14*d + 115. Give m(-9).
-11
Let x(l) = 3*l**3 + l**2 - 2*l + 6. Calculate x(2).
30
Let a(x) = -9*x - 6. Determine a(5).
-51
Let m(s) = -79*s + 790. Calculate m(10).
0
Let o(h) = -2*h + 28. What is o(18)?
-8
Let v(h) = -h**3 + 2*h - 7. Calculate v(-3).
14
Let c(h) = -20*h - 176. Give c(-9).
4
Let q(a) = 11*a + 36. What is q(-3)?
3
Let a(b) = -b**2 + 4*b + 22. Give a(-3).
1
Let t(b) = -b**3 - 15*b**2 - 4*b - 28. Determine t(-15).
32
Let f(z) = 5*z**2 - z - 2. Determine f(-1).
4
Let v(y) = 6*y - 48. What is v(9)?
6
Let x(a) = -3*a + 16. Calculate x(0).
16
Let j(n) = 9*n + 17. What is j(10)?
107
Let x(l) = l**3 - 18*l**2 - 3*l + 343. Give x(17).
3
Let m(k) = -k**3 + 21*k**2 + 50*k - 1056. Calculate m(21).
-6
Let p(j) = -j - 1. Determine p(6).
-7
Let i(t) = t**3 + 3*t**2 + 3*t + 6. Determine i(-3).
-3
Let n(v) = -v**2 - 16*v - 17. Determine n(-15).
-2
Let h(x) = 2*x**2 - 5*x - 5. Determine h(-2).
13
Let t(i) = -i**3 - 4*i**2 + i + 3. Determine t(-4).
-1
Let b(r) = r**2 - 10*r + 8. Determine b(11).
19
Let c(h) = 2*h**2 + 35*h + 19. Give c(-17).
2
Let f(x) = x**3 + 3*x**2 - 2*x + 4. What is f(-4)?
-4
Let r(u) = -13*u**2 + u - 1. Give r(1).
-13
Let m(r) = -2*r**2 - 34*r. Calculate m(-17).
0
Let m(v) = 2*v + 5. What is m(1)?
7
Let a(o) = 12*o**2 - 7*o + 10. What is a(2)?
44
Let x(l) = -l - 3. What is x(-15)?
12
Let l(h) = -8*h. Determine l(-3).
24
Let g(b) = -48*b + 1. Determine g(-1).
49
Let z(n) = -10*n + 5. Calculate z(-4).
45
Let q(s) = s**3 + 2*s**2 - 18*s. What is q(3)?
-9
Let d(r) = -r**3 + 4*r**2 + 10*r - 16. What is d(5)?
9
Let s(f) = -4*f - 32. Calculate s(-6).
-8
Let i(a) = a**3 - 3*a**2 + 4. Calculate i(3).
4
Let k(z) = 15*z**2 + 2*z + 3. Give k(-1).
16
Let x(p) = -p**3 + p**2 + p - 1. Calculate x(4).
-45
Let m(f) = -f**2 - 7*f + 5. Give m(-8).
-3
Let l(b) = -b**3 - 3*b**2 + 7*b - 6. Determine l(-5).
9
Let f(o) = o**3 - 8*o**2 + 7*o + 6. Give f(7).
6
Let d(x) = -x**3 - x**2 + 38*x - 15. Give d(5).
25
Let d(g) = 2*g**3 - 5*g**2 - 12*g + 6. Determine d(5).
71
Let c(v) = -6*v**2 - 5*v - 12. Calculate c(-3).
-51
Let n(l) = -l**2 + 24*l - 142. Determine n(13).
1
Let u(a) = 2*a**3 - a**2 + a + 4. Determine u(3).
52
Let d(g) = g**3 - 3*